{"id":812,"date":"2016-03-16T03:01:55","date_gmt":"2016-03-16T07:01:55","guid":{"rendered":"https:\/\/serviceau.com\/?page_id=812"},"modified":"2021-12-30T13:27:34","modified_gmt":"2021-12-30T18:27:34","slug":"residentiel","status":"publish","type":"page","link":"https:\/\/serviceau.com\/index.php\/residentiel\/","title":{"rendered":"R\u00e9sidentiel"},"content":{"rendered":"\r\n<div class=\"vce-row-container\" data-vce-boxed-width=\"true\">\r\n<div id=\"el-fea23b7f\" class=\"vce-row vce-row--col-gap-30 vce-row-equal-height vce-row-content--top\" data-vce-do-apply=\"all el-fea23b7f\">\r\n<div class=\"vce-row-content\" data-vce-element-content=\"true\">\r\n<div id=\"el-711023f9\" class=\"vce-col vce-col--md-auto vce-col--xs-1 vce-col--xs-last vce-col--xs-first vce-col--sm-last vce-col--sm-first vce-col--md-last vce-col--lg-last vce-col--xl-last vce-col--md-first vce-col--lg-first vce-col--xl-first\">\r\n<div class=\"vce-col-inner\" data-vce-do-apply=\"border margin background el-711023f9\">\r\n<div class=\"vce-col-content\" data-vce-element-content=\"true\" data-vce-do-apply=\"padding el-711023f9\">\r\n<div class=\"vce-text-block\">\r\n<div id=\"el-45d6f792\" class=\"vce-text-block-wrapper vce\" data-vce-do-apply=\"all el-45d6f792\">\r\n\r\n[vc_row content_placement=\"middle\" one_page_section=\"yes\" one_page_label=\"Services\" one_page_slug=\"services\" css=\".vc_custom_1470608124423{margin-top: 0px !important;margin-bottom: 0px !important;padding-top: 0px !important;padding-bottom: 20px !important;}\"][vc_column][vc_tta_tabs active_section=\"1\" tab_style=\"process\" el_class=\"tab-icons-2\"][vc_tta_section icon_type=\"icon_image\" image=\"24\" title=\"ADOUCISSEUR\" tab_id=\"1445413033767-4a89a80c-91a9\"][vc_row_inner el_class=\"text-light\"][vc_column_inner width=\"2\/3\" vertical_align=\"middle\"][vc_column_text el_class=\"text-light margin5x\" css=\".vc_custom_1458109920890{margin-top: 25px !important;}\"]Si votre eau contient une quantit\u00e9 de Calcium et Magn\u00e9sium \u00e9lev\u00e9e, cela indique que votre eau est dure. Un adoucisseur d\u2019eau pourra r\u00e9pondre \u00e0 vos besoins. Un adoucisseur permet peux vous \u00e9viter des probl\u00e8mes de d\u00e9t\u00e9rioration de vos appareils m\u00e9nagers comme le lave-vaisselle, la laveuse \u00e0 linge, etc. Ces appareils contiennent de petits orifices qui peuvent se boucher de calcaire et ainsi r\u00e9duire leurs efficacit\u00e9s. Votre r\u00e9servoir d\u2019eau chaude peut avoir une accumulation de calcaire r\u00e9duisant jusqu'\u00e0 30% de son efficacit\u00e9. Une eau dure r\u00e9duit consid\u00e9rablement l\u2019effet moussant de tous les savons, ce qui peux vous faire \u00e9pargner beaucoup d\u2019argent en y installant un adoucisseur.[\/vc_column_text][\/vc_column_inner][vc_column_inner el_class=\"img-center-top\" width=\"1\/3\" css=\".vc_custom_1457770572510{background-position: center !important;background-repeat: no-repeat !important;background-size: cover !important;}\"][vc_single_image image=\"640\" img_size=\"full\"][\/vc_column_inner][\/vc_row_inner][\/vc_tta_section][vc_tta_section icon_type=\"icon_image\" image=\"25\" title=\"FILTRES SP\u00c9CIALIS\u00c9S\" tab_id=\"1445413034085-fc9702cb-fab8\"][vc_row_inner][vc_column_inner width=\"2\/3\" vertical_align=\"middle\"][vc_column_text el_class=\"text-light margin5x\" css=\".vc_custom_1458110366256{margin-top: 25px !important;}\"]Vous avez des cernes dans les cuvettes et des lavabos? Des v\u00eatements blancs qui perdes leurs \u00e9clats et qui deviennent jaunes ou d\u00e9color\u00e9s peuvent indiquer un taux excessif de fer ou de mangan\u00e8se. Vous avez des odeurs d\u00e9sagr\u00e9ables appeler commun\u00e9ment une odeur \"d\u2019\u0153uf pourri\" est l\u2019indication de pr\u00e9sence de souffre qui peux aussi causer des d\u00e9t\u00e9riorations \u00e0 l\u2019ensemble de la robinetterie. De plus, si votre eau ne semble pas opaque, votre eau peut y avoir pr\u00e9sence d\u2019organique qui est facilement enlev\u00e9 par un filtre \u00e0 tanin. Serviceau vous offre gamme de filtre tout indiqu\u00e9 pour toutes ces situations sans l\u2019utilisation de produits chimiques nuisible pour l\u2019environnement. Pour corriger les probl\u00e8mes occasionn\u00e9s par un niveau excessif en fer, en mangan\u00e8se ou par la pr\u00e9sence de soufre dans l\u2019eau, penser \u00e0 Serviceau![\/vc_column_text][\/vc_column_inner][vc_column_inner el_class=\"img-center-top\" width=\"1\/3\" css=\".vc_custom_1457770680704{background-position: center !important;background-repeat: no-repeat !important;background-size: cover !important;}\"][vc_single_image image=\"817\" img_size=\"full\" css_animation=\"appear\"][\/vc_column_inner][\/vc_row_inner][\/vc_tta_section][vc_tta_section icon_type=\"icon_image\" image=\"26\" title=\"FILTRES \u00c0 CARTOUCHES\" tab_id=\"1445413413017-19c11456-480a\"][vc_row_inner][vc_column_inner width=\"2\/3\" vertical_align=\"middle\"][vc_column_text el_class=\"text-light margin5x\" css=\".vc_custom_1458110389700{margin-top: 25px !important;}\"]Il existe une tr\u00e8s grande vari\u00e9t\u00e9 de filtres \u00e0 cartouche pour rem\u00e9dier \u00e0 diff\u00e9rents probl\u00e8mes. Tels que les s\u00e9diments, les particules, le sable, le chlore, le go\u00fbt et les odeurs dans l\u2019eau. Selon l\u2019application, nous pouvons utiliser des filtres automatiques ou des filtres \u00e0 cartouche de remplacement simple.\r\n\r\nNous offrons des cartouches de pr\u00e9 filtration pour les s\u00e9diments, les particules et le sable. Il y a aussi plusieurs applications pour le charbon activ\u00e9 am\u00e9liorant le go\u00fbt. Il peut enlever le chlore, les odeurs et les organiques. Que ce soit pour \u00e9liminer des particules ou des constituants nuisibles dans l\u2019eau ou encore pour prot\u00e9ger un \u00e9quipement particulier dans une industrie, le filtre \u00e0 cartouche s\u2019av\u00e8re souvent une solution privil\u00e9gi\u00e9e.[\/vc_column_text][\/vc_column_inner][vc_column_inner el_class=\"img-center-top\" width=\"1\/3\" css=\".vc_custom_1457770726243{background-position: center !important;background-repeat: no-repeat !important;background-size: cover !important;}\"][vc_single_image image=\"642\" img_size=\"full\" css_animation=\"appear\"][\/vc_column_inner][\/vc_row_inner][\/vc_tta_section][vc_tta_section icon_type=\"icon_image\" image=\"27\" title=\"OSMOSE INVERS\u00c9E\" tab_id=\"1445413424020-7bb9cd59-b447\"][vc_row_inner][vc_column_inner width=\"2\/3\" vertical_align=\"middle\"][vc_column_text el_class=\"text-light margin5x\" css=\".vc_custom_1458110441597{margin-top: 25px !important;}\"]Ce syst\u00e8me simple et \u00e9conomique produit une eau d\u2019une tr\u00e8s grande puret\u00e9 pour la consommation direct. Le principe de l\u2019osmose inverse est simple et s\u00e9curitaire. En premier lieu, l\u2019eau passe par le pr\u00e9 filtre pour enlever le plus gros des particules. Par la suite, l\u2019eau franchit un filtre au charbon qui \u00e9limine le chlore et les s\u00e9diments. Ensuite, l\u2019eau traverse une membrane semi-perm\u00e9able qui filtre les min\u00e9raux, les sels, les contaminants nuisibles et les m\u00e9taux \u00e0 0.05 micron (0.000005cm) pr\u00e8s. Le produit n\u2019\u00e9tant que de l\u2019eau pure d\u2019une qualit\u00e9 exceptionnelle (95%). Les impuret\u00e9s sont rejet\u00e9es vers le drain. L\u2019eau produite est gard\u00e9e dans un r\u00e9servoir de 4 gallons sous pression et elle devra traverser un post-filtre au charbon activ\u00e9 avant d\u2019\u00eatre utilis\u00e9e. Plus besoin d\u2019acheter de l\u2019eau en bouteilles et bonjour les \u00e9conomies et votre soutien de l\u2019environnement! Saviez-vous qu\u2019environ 24% des grandes marques d\u2019eau embouteill\u00e9e proviennent directement de l\u2019eau filtr\u00e9e d\u2019un r\u00e9seau d\u2019aqueduc? Et que plus de la moiti\u00e9 utilise une osmose inverse pour traiter leur eau distribu\u00e9e. Appelez votre sp\u00e9cialiste Serviceau. [\/vc_column_text][\/vc_column_inner][vc_column_inner el_class=\"img-center-top\" width=\"1\/3\" css=\".vc_custom_1457770824377{background-position: center !important;background-repeat: no-repeat !important;background-size: cover !important;}\"][vc_single_image image=\"648\" img_size=\"full\" alignment=\"center\" css_animation=\"appear\"][\/vc_column_inner][\/vc_row_inner][\/vc_tta_section][vc_tta_section icon_type=\"icon_image\" image=\"28\" title=\"CHLORATION\" tab_id=\"1445413423079-da8f3f87-7223\"][vc_row_inner][vc_column_inner width=\"2\/3\" vertical_align=\"middle\"][vc_column_text el_class=\"text-light margin5x\" css=\".vc_custom_1458110542835{margin-top: 25px !important;}\"]Dans des certains cas extr\u00eames, un syst\u00e8me de chloration peut \u00eatre n\u00e9cessaire lorsque la pr\u00e9sence de certains contaminants comme le fer, le mangan\u00e8se, le souffre et le tannin sont pr\u00e9sent \u00e0 des niveaux sup\u00e9rieurs. Le processus requi\u00e8re l\u2019injection de chlore n\u00e9cessitant par la suite un temps de contact suffisant pour l\u2019oxydation des contaminants puis l\u2019enl\u00e8vement par un filtre au charbon activ\u00e9. Ces syst\u00e8mes sont g\u00e9n\u00e9ralement utilis\u00e9s lorsque la source d\u2019eau provient d\u2019une eau de surface d\u2019un lac ou d\u2019une rivi\u00e8re.[\/vc_column_text][\/vc_column_inner][vc_column_inner el_class=\"img-center-top\" width=\"1\/3\" css=\".vc_custom_1457770963159{background-position: center !important;background-repeat: no-repeat !important;background-size: cover !important;}\"][vc_single_image image=\"818\" img_size=\"full\" css_animation=\"appear\"][\/vc_column_inner][\/vc_row_inner][\/vc_tta_section][vc_tta_section icon_type=\"icon_image\" image=\"29\" title=\"ST\u00c9RILISATEUR D\u2019EAU\" tab_id=\"1445413497863-5460c081-14a4\"][vc_row_inner][vc_column_inner width=\"2\/3\" vertical_align=\"middle\"][vc_column_text el_class=\"text-light margin5x\" css=\".vc_custom_1458111020851{margin-top: 25px !important;}\"]Les unit\u00e9s de st\u00e9rilisation d\u2019eau par ultraviolet sont un des meilleurs syst\u00e8mes de d\u00e9sinfection \u00e9liminant les virus et les bact\u00e9ries comme les E-coli. Le principe de fonctionnement \u00e9tant la modification g\u00e9n\u00e9tique du DNA de ceux-ci rendant leurs prolif\u00e9rations impossibles. Plusieurs avantages sont reli\u00e9s \u00e0 ses unit\u00e9s comme la performance, la fiabilit\u00e9, la facilit\u00e9 de fonctionnement et la consommation minimale d\u2019\u00e9nergie. Un autre avantage de ces syst\u00e8mes c\u2019est qu\u2019il ne change pas la chimie de l\u2019eau et de ses propri\u00e9t\u00e9s tel que le PH, le go\u00fbt, l\u2019odeur et la couleur.[\/vc_column_text][\/vc_column_inner][vc_column_inner el_class=\"img-center-top\" width=\"1\/3\" css=\".vc_custom_1457771059516{background-position: center !important;background-repeat: no-repeat !important;background-size: cover !important;}\"][vc_single_image image=\"892\" img_size=\"full\" css_animation=\"appear\"][\/vc_column_inner][\/vc_row_inner][\/vc_tta_section][\/vc_tta_tabs][\/vc_column][\/vc_row][vc_row el_class=\"text\"][vc_column][vc_column_text]De fa\u00e7on g\u00e9n\u00e9ral, l\u2019eau retrouver naturellement ou dans un puits est un \u00e0 la base un solvant naturel ce qui en outre peux lui donner les caract\u00e9ristiques d\u2019\u00eatre sulfureuse, ferreuse, de contenir du calcium, magn\u00e9sium. Ces contaminants peuvent changer son go\u00fbt, son odeur ou sa couleur en plus de pouvoir contenir d\u2019autres produits chimiques comme des pesticides et fertilisants. Ces \u00e9l\u00e9ments peuvent \u00eatre d\u00e9termin\u00e9s par une analyse physico-chimique. Malgr\u00e9 une bonne apparence et d\u2019aucune senteur, elle peut aussi contenir des micro-organismes ou bact\u00e9ries qui peuvent \u00eatre nuisible pour la sant\u00e9 de votre famille. Une analyse bact\u00e9riologique est fortement recommand\u00e9e pour assurer une eau acceptable selon les normes de <span style=\"color: #ff0000;\"><a style=\"color: #cc0000; text-decoration: none;\" href=\"https:\/\/www.canada.ca\/fr\/sante-canada\/services\/sante-environnement-milieu-travail\/rapports-publications\/qualite-eau\/recommandations-qualite-eau-potable-canada-tableau-sommaire.html\" target=\"_blank\" rel=\"noopener\">SANT\u00c9 CANADA<\/a><\/span>. Le traitement n\u2019est pas toujours n\u00e9cessaire, mais souvent requis. Soyez rassurer et faites nous faires les tests n\u00e9cessaires pour assurer la protection de votre famille. M\u00eame l\u2019eau municipale tr\u00e8s souvent contient un exc\u00e8s de chlore qui la rend d\u00e9sagr\u00e9able \u00e0 boire et peut contenir des d\u00e9p\u00f4ts de calcaire hors normes.[\/vc_column_text][\/vc_column][\/vc_row]\r\n\r\n<\/div>\r\n<\/div>\r\n<\/div>\r\n<\/div>\r\n<\/div>\r\n<\/div>\r\n<\/div>\r\n<\/div>\r\n\n","protected":false},"excerpt":{"rendered":"<p>[vc_row content_placement=\u00a0\u00bbmiddle\u00a0\u00bb one_page_section=\u00a0\u00bbyes\u00a0\u00bb one_page_label=\u00a0\u00bbServices\u00a0\u00bb one_page_slug=\u00a0\u00bbservices\u00a0\u00bb css=\u00a0\u00bb.vc_custom_1470608124423{margin-top: 0px !important;margin-bottom: 0px !important;padding-top: 0px !important;padding-bottom: 20px !important;}\u00a0\u00bb][vc_column][vc_tta_tabs active_section=\u00a0\u00bb1&Prime; tab_style=\u00a0\u00bbprocess\u00a0\u00bb el_class=\u00a0\u00bbtab-icons-2&Prime;][vc_tta_section icon_type=\u00a0\u00bbicon_image\u00a0\u00bb image=\u00a0\u00bb24&Prime; title=\u00a0\u00bbADOUCISSEUR\u00a0\u00bb tab_id=\u00a0\u00bb1445413033767-4a89a80c-91a9&Prime;][vc_row_inner el_class=\u00a0\u00bbtext-light\u00a0\u00bb][vc_column_inner width=\u00a0\u00bb2\/3&Prime; vertical_align=\u00a0\u00bbmiddle\u00a0\u00bb][vc_column_text el_class=\u00a0\u00bbtext-light margin5x\u00a0\u00bb css=\u00a0\u00bb.vc_custom_1458109920890{margin-top: 25px !important;}\u00a0\u00bb]Si votre eau contient une quantit\u00e9 de Calcium et Magn\u00e9sium \u00e9lev\u00e9e, cela indique que votre eau est dure. Un adoucisseur d\u2019eau pourra r\u00e9pondre \u00e0 vos besoins. Un &hellip;<\/p>\n","protected":false},"author":1,"featured_media":0,"parent":0,"menu_order":0,"comment_status":"closed","ping_status":"closed","template":"","meta":{"_acf_changed":false,"_monsterinsights_skip_tracking":false,"_monsterinsights_sitenote_active":false,"_monsterinsights_sitenote_note":"","_monsterinsights_sitenote_category":0,"footnotes":""},"class_list":["post-812","page","type-page","status-publish","hentry"],"acf":[],"yoast_head":"<!-- This site is optimized with the Yoast SEO plugin v24.9 - https:\/\/yoast.com\/wordpress\/plugins\/seo\/ -->\n<title>R\u00e9sidentiel | Serviceau<\/title>\n<meta name=\"description\" content=\"Si votre eau contient une quantit\u00e9 de Calcium et Magn\u00e9sium \u00e9lev\u00e9e, cela indique que votre eau est dure. Un adoucisseur d\u2019eau pourra r\u00e9pondre \u00e0 vos\" \/>\n<meta name=\"robots\" content=\"index, follow, max-snippet:-1, max-image-preview:large, max-video-preview:-1\" \/>\n<link rel=\"canonical\" href=\"https:\/\/serviceau.com\/index.php\/residentiel\/\" \/>\n<meta property=\"og:locale\" content=\"fr_CA\" \/>\n<meta property=\"og:type\" content=\"article\" \/>\n<meta property=\"og:title\" content=\"R\u00e9sidentiel | Serviceau\" \/>\n<meta property=\"og:description\" content=\"Si votre eau contient une quantit\u00e9 de Calcium et Magn\u00e9sium \u00e9lev\u00e9e, cela indique que votre eau est dure. Un adoucisseur d\u2019eau pourra r\u00e9pondre \u00e0 vos\" \/>\n<meta property=\"og:url\" content=\"https:\/\/serviceau.com\/index.php\/residentiel\/\" \/>\n<meta property=\"og:site_name\" content=\"Serviceau\" \/>\n<meta property=\"article:publisher\" content=\"https:\/\/www.facebook.com\/ServiceauFB\" \/>\n<meta property=\"article:modified_time\" content=\"2021-12-30T18:27:34+00:00\" \/>\n<meta name=\"twitter:card\" content=\"summary_large_image\" \/>\n<meta name=\"twitter:label1\" content=\"Estimation du temps de lecture\" \/>\n\t<meta name=\"twitter:data1\" content=\"8 minutes\" \/>\n<script type=\"application\/ld+json\" class=\"yoast-schema-graph\">{\"@context\":\"https:\/\/schema.org\",\"@graph\":[{\"@type\":\"WebPage\",\"@id\":\"https:\/\/serviceau.com\/index.php\/residentiel\/\",\"url\":\"https:\/\/serviceau.com\/index.php\/residentiel\/\",\"name\":\"R\u00e9sidentiel | Serviceau\",\"isPartOf\":{\"@id\":\"https:\/\/serviceau.com\/#website\"},\"datePublished\":\"2016-03-16T07:01:55+00:00\",\"dateModified\":\"2021-12-30T18:27:34+00:00\",\"description\":\"Si votre eau contient une quantit\u00e9 de Calcium et Magn\u00e9sium \u00e9lev\u00e9e, cela indique que votre eau est dure. Un adoucisseur d\u2019eau pourra r\u00e9pondre \u00e0 vos\",\"breadcrumb\":{\"@id\":\"https:\/\/serviceau.com\/index.php\/residentiel\/#breadcrumb\"},\"inLanguage\":\"fr-CA\",\"potentialAction\":[{\"@type\":\"ReadAction\",\"target\":[\"https:\/\/serviceau.com\/index.php\/residentiel\/\"]}]},{\"@type\":\"BreadcrumbList\",\"@id\":\"https:\/\/serviceau.com\/index.php\/residentiel\/#breadcrumb\",\"itemListElement\":[{\"@type\":\"ListItem\",\"position\":1,\"name\":\"Accueil\",\"item\":\"https:\/\/serviceau.com\/\"},{\"@type\":\"ListItem\",\"position\":2,\"name\":\"R\u00e9sidentiel\"}]},{\"@type\":\"WebSite\",\"@id\":\"https:\/\/serviceau.com\/#website\",\"url\":\"https:\/\/serviceau.com\/\",\"name\":\"Serviceau\",\"description\":\"La r\u00e9f\u00e9rence pour le traitement des syst\u00e8mes d&#039;eau\",\"publisher\":{\"@id\":\"https:\/\/serviceau.com\/#organization\"},\"potentialAction\":[{\"@type\":\"SearchAction\",\"target\":{\"@type\":\"EntryPoint\",\"urlTemplate\":\"https:\/\/serviceau.com\/?s={search_term_string}\"},\"query-input\":{\"@type\":\"PropertyValueSpecification\",\"valueRequired\":true,\"valueName\":\"search_term_string\"}}],\"inLanguage\":\"fr-CA\"},{\"@type\":\"Organization\",\"@id\":\"https:\/\/serviceau.com\/#organization\",\"name\":\"Serviceau\",\"url\":\"https:\/\/serviceau.com\/\",\"logo\":{\"@type\":\"ImageObject\",\"inLanguage\":\"fr-CA\",\"@id\":\"https:\/\/serviceau.com\/#\/schema\/logo\/image\/\",\"url\":\"http:\/\/serviceau.com\/wp-content\/uploads\/2021\/12\/Serviceau-Clear-no-Writting.png\",\"contentUrl\":\"http:\/\/serviceau.com\/wp-content\/uploads\/2021\/12\/Serviceau-Clear-no-Writting.png\",\"width\":504,\"height\":223,\"caption\":\"Serviceau\"},\"image\":{\"@id\":\"https:\/\/serviceau.com\/#\/schema\/logo\/image\/\"},\"sameAs\":[\"https:\/\/www.facebook.com\/ServiceauFB\",\"https:\/\/www.instagram.com\/serviceau_\/\"]}]}<\/script>\n<!-- \/ Yoast SEO plugin. -->","yoast_head_json":{"title":"R\u00e9sidentiel | Serviceau","description":"Si votre eau contient une quantit\u00e9 de Calcium et Magn\u00e9sium \u00e9lev\u00e9e, cela indique que votre eau est dure. Un adoucisseur d\u2019eau pourra r\u00e9pondre \u00e0 vos","robots":{"index":"index","follow":"follow","max-snippet":"max-snippet:-1","max-image-preview":"max-image-preview:large","max-video-preview":"max-video-preview:-1"},"canonical":"https:\/\/serviceau.com\/index.php\/residentiel\/","og_locale":"fr_CA","og_type":"article","og_title":"R\u00e9sidentiel | Serviceau","og_description":"Si votre eau contient une quantit\u00e9 de Calcium et Magn\u00e9sium \u00e9lev\u00e9e, cela indique que votre eau est dure. Un adoucisseur d\u2019eau pourra r\u00e9pondre \u00e0 vos","og_url":"https:\/\/serviceau.com\/index.php\/residentiel\/","og_site_name":"Serviceau","article_publisher":"https:\/\/www.facebook.com\/ServiceauFB","article_modified_time":"2021-12-30T18:27:34+00:00","twitter_card":"summary_large_image","twitter_misc":{"Estimation du temps de lecture":"8 minutes"},"schema":{"@context":"https:\/\/schema.org","@graph":[{"@type":"WebPage","@id":"https:\/\/serviceau.com\/index.php\/residentiel\/","url":"https:\/\/serviceau.com\/index.php\/residentiel\/","name":"R\u00e9sidentiel | Serviceau","isPartOf":{"@id":"https:\/\/serviceau.com\/#website"},"datePublished":"2016-03-16T07:01:55+00:00","dateModified":"2021-12-30T18:27:34+00:00","description":"Si votre eau contient une quantit\u00e9 de Calcium et Magn\u00e9sium \u00e9lev\u00e9e, cela indique que votre eau est dure. Un adoucisseur d\u2019eau pourra r\u00e9pondre \u00e0 vos","breadcrumb":{"@id":"https:\/\/serviceau.com\/index.php\/residentiel\/#breadcrumb"},"inLanguage":"fr-CA","potentialAction":[{"@type":"ReadAction","target":["https:\/\/serviceau.com\/index.php\/residentiel\/"]}]},{"@type":"BreadcrumbList","@id":"https:\/\/serviceau.com\/index.php\/residentiel\/#breadcrumb","itemListElement":[{"@type":"ListItem","position":1,"name":"Accueil","item":"https:\/\/serviceau.com\/"},{"@type":"ListItem","position":2,"name":"R\u00e9sidentiel"}]},{"@type":"WebSite","@id":"https:\/\/serviceau.com\/#website","url":"https:\/\/serviceau.com\/","name":"Serviceau","description":"La r\u00e9f\u00e9rence pour le traitement des syst\u00e8mes d&#039;eau","publisher":{"@id":"https:\/\/serviceau.com\/#organization"},"potentialAction":[{"@type":"SearchAction","target":{"@type":"EntryPoint","urlTemplate":"https:\/\/serviceau.com\/?s={search_term_string}"},"query-input":{"@type":"PropertyValueSpecification","valueRequired":true,"valueName":"search_term_string"}}],"inLanguage":"fr-CA"},{"@type":"Organization","@id":"https:\/\/serviceau.com\/#organization","name":"Serviceau","url":"https:\/\/serviceau.com\/","logo":{"@type":"ImageObject","inLanguage":"fr-CA","@id":"https:\/\/serviceau.com\/#\/schema\/logo\/image\/","url":"http:\/\/serviceau.com\/wp-content\/uploads\/2021\/12\/Serviceau-Clear-no-Writting.png","contentUrl":"http:\/\/serviceau.com\/wp-content\/uploads\/2021\/12\/Serviceau-Clear-no-Writting.png","width":504,"height":223,"caption":"Serviceau"},"image":{"@id":"https:\/\/serviceau.com\/#\/schema\/logo\/image\/"},"sameAs":["https:\/\/www.facebook.com\/ServiceauFB","https:\/\/www.instagram.com\/serviceau_\/"]}]}},"_links":{"self":[{"href":"https:\/\/serviceau.com\/index.php\/wp-json\/wp\/v2\/pages\/812","targetHints":{"allow":["GET"]}}],"collection":[{"href":"https:\/\/serviceau.com\/index.php\/wp-json\/wp\/v2\/pages"}],"about":[{"href":"https:\/\/serviceau.com\/index.php\/wp-json\/wp\/v2\/types\/page"}],"author":[{"embeddable":true,"href":"https:\/\/serviceau.com\/index.php\/wp-json\/wp\/v2\/users\/1"}],"replies":[{"embeddable":true,"href":"https:\/\/serviceau.com\/index.php\/wp-json\/wp\/v2\/comments?post=812"}],"version-history":[{"count":28,"href":"https:\/\/serviceau.com\/index.php\/wp-json\/wp\/v2\/pages\/812\/revisions"}],"predecessor-version":[{"id":1627,"href":"https:\/\/serviceau.com\/index.php\/wp-json\/wp\/v2\/pages\/812\/revisions\/1627"}],"wp:attachment":[{"href":"https:\/\/serviceau.com\/index.php\/wp-json\/wp\/v2\/media?parent=812"}],"curies":[{"name":"wp","href":"https:\/\/api.w.org\/{rel}","templated":true}]}}